{"id":2,"date":"2021-11-17T16:22:16","date_gmt":"2021-11-17T16:22:16","guid":{"rendered":"https:\/\/ddpm:59000\/?page_id=2"},"modified":"2021-11-22T20:17:56","modified_gmt":"2021-11-22T19:17:56","slug":"sample-page","status":"publish","type":"page","link":"https:\/\/domainedupetitmoulin.com\/?page_id=2","title":{"rendered":"La Tiny House"},"content":{"rendered":"\n<p>Vous avez fait l&rsquo;excellent choix de vous ressourcer au c\u0153ur de la nature, tout en profitant du confort moderne de notre Tiny House ? Cette page est faite pour vous !<\/p>\n\n\n\n<div class=\"wp-block-media-text is-stacked-on-mobile\"><figure class=\"wp-block-media-text__media\"><img decoding=\"async\" width=\"568\" height=\"373\" src=\"https:\/\/domainedupetitmoulin.com\/wp-content\/uploads\/2021\/11\/DDPM-Tiny.jpg\" alt=\"\" class=\"wp-image-16 size-full\" srcset=\"https:\/\/domainedupetitmoulin.com\/wp-content\/uploads\/2021\/11\/DDPM-Tiny.jpg 568w, https:\/\/domainedupetitmoulin.com\/wp-content\/uploads\/2021\/11\/DDPM-Tiny-300x197.jpg 300w\" sizes=\"(max-width: 568px) 100vw, 568px\" \/><\/figure><div class=\"wp-block-media-text__content\">\n<figure class=\"wp-block-pullquote\"><blockquote><p>Le fr\u00eane cinquantenaire veillera avec sagesse sur vos nuits paisibles<\/p><\/blockquote><\/figure>\n<\/div><\/div>\n\n\n\n<h2 class=\"wp-block-heading\">Tiny House : quel est cet \u00e9trange nom anglais ?<\/h2>\n\n\n\n<p>La Tiny House est en traduction litt\u00e9rale une tr\u00e8s petite maison. D&rsquo;une surface d&rsquo;environ 20 m\u00e8tres carr\u00e9, elle a la particularit\u00e9 d&rsquo;\u00eatre construite sur une remorque adapt\u00e9e et il est donc possible d&#8217;emporter sa maison partout avec soi. <\/p>\n\n\n\n<p>La Tiny House est \u00e9quip\u00e9e du confort moderne : \u00e9lectricit\u00e9, chauffage, eau courante, toilettes (s\u00e8ches)&#8230; et offre une vie de libert\u00e9 et d&rsquo;ind\u00e9pendance. <\/p>\n","protected":false},"excerpt":{"rendered":"<p>Vous avez fait l&rsquo;excellent choix de vous ressourcer au c\u0153ur de la nature, tout en profitant du confort moderne de notre Tiny House ? Cette page est faite pour vous ! Le fr\u00eane cinquantenaire veillera avec sagesse sur vos nuits paisibles Tiny House : quel est cet \u00e9trange nom anglais ? La Tiny House est [&hellip;]<\/p>\n","protected":false},"author":1,"featured_media":0,"parent":1331,"menu_order":0,"comment_status":"closed","ping_status":"closed","template":"templates\/full-width-page.php","meta":{"footnotes":""},"class_list":["post-2","page","type-page","status-publish","hentry"],"_links":{"self":[{"href":"https:\/\/domainedupetitmoulin.com\/index.php?rest_route=\/wp\/v2\/pages\/2","targetHints":{"allow":["GET"]}}],"collection":[{"href":"https:\/\/domainedupetitmoulin.com\/index.php?rest_route=\/wp\/v2\/pages"}],"about":[{"href":"https:\/\/domainedupetitmoulin.com\/index.php?rest_route=\/wp\/v2\/types\/page"}],"author":[{"embeddable":true,"href":"https:\/\/domainedupetitmoulin.com\/index.php?rest_route=\/wp\/v2\/users\/1"}],"replies":[{"embeddable":true,"href":"https:\/\/domainedupetitmoulin.com\/index.php?rest_route=%2Fwp%2Fv2%2Fcomments&post=2"}],"version-history":[{"count":5,"href":"https:\/\/domainedupetitmoulin.com\/index.php?rest_route=\/wp\/v2\/pages\/2\/revisions"}],"predecessor-version":[{"id":457,"href":"https:\/\/domainedupetitmoulin.com\/index.php?rest_route=\/wp\/v2\/pages\/2\/revisions\/457"}],"up":[{"embeddable":true,"href":"https:\/\/domainedupetitmoulin.com\/index.php?rest_route=\/wp\/v2\/pages\/1331"}],"wp:attachment":[{"href":"https:\/\/domainedupetitmoulin.com\/index.php?rest_route=%2Fwp%2Fv2%2Fmedia&parent=2"}],"curies":[{"name":"wp","href":"https:\/\/api.w.org\/{rel}","templated":true}]}}